rime factors of s?
2, 5
Let f(t) = t**3 - t**2 + 3. What are the prime factors of f(3)?
3, 7
Let b(j) = 3*j - 1. Let v = 10 - 3. Let z be b(v). Suppose -z = 5*l - 5, 3*r - 9 = -5*l. List the prime factors of r.
2
Let g(u) be the first derivative of u**3/3 - 5*u**2 + 9*u - 1. Let k be g(9). Suppose -5*f + 35 = -k*f. What are the prime factors of f?
7
Suppose -6*y + 24 = -10*y. Let n(h) = -8*h - h**2 - 8*h**2 - h**3 + 2*h**2. List the prime factors of n(y).
2, 3
List the prime factors of (-4)/28 - 14814/(-63).
5, 47
Suppose 0 = -d + 4*d + 2*g, -d + 3*g = -11. Suppose 0 = l - d*l + 20. What are the prime factors of l?
2, 5
Suppose -7*h = -2*h + 45. List the prime factors of -1*21/h*9.
3, 7
Suppose -13*c + 123 = -3543. List the prime factors of c.
2, 3, 47
Let g = 40 - 15. Suppose -g + 6 = -k. List the prime factors of k.
19
Let j(n) = -n**2 + 3*n + 4. Suppose 0 = m + 7*i - 2*i - 19, 3*m + 2*i = -8. Let b be m/4*(-4 + 2). What are the prime factors of j(b)?
2
What are the prime factors of (-2)/(-2)*(109 - -28)?
137
Let s = -22 + 100. List the prime factors of s.
2, 3, 13
Suppose q + 4*n = 150 + 2, 2*q - 5*n - 265 = 0. List the prime factors of q.
2, 5, 7
Let g(y) = 5*y**3 - 3*y + 4. Let p be g(2). Suppose 7 = 3*m - p. What are the prime factors of m?
3, 5
Suppose -3*i + 259 + 32 = 3*k, -4*k = 2*i - 384. List the prime factors of k.
5, 19
Suppose 4*d + 0*d = 36. What are the prime factors of d?
3
Suppose 0 = -d - 2*d - 4*p + 467, -p = 3*d - 461. What are the prime factors of d?
3, 17
Suppose 4*g - 5*q - 77 = 0, q = -g + 3*g - 37. Suppose g = -2*j - t, -5*t + 10 = 30. Let w = -4 - j. List the prime factors of w.
3
Let j = 23 - 19. List the prime factors of j.
2
Let p(z) = -z**2 - 10*z + 14. Let o be p(-10). What are the prime factors of o/(0 - (-6)/9)?
3, 7
Let t = -11 + 7. Let h be -1 + 0/(t + 3). List the prime factors of (h - -2)*(-4 + 9).
5
Let y = -102 + 254. List the prime factors of y.
2, 19
Let g(l) = -l**2 - 8*l - 4. Let z be g(-8). List the prime factors of 1/(z/92*-1).
23
Let d(c) = -7*c**3 + 12*c**2 - 5*c + 1. Let l(y) = 6*y**3 - 11*y**2 + 5*y - 2. Let o(j) = -5*d(j) - 6*l(j). What are the prime factors of o(5)?
7
Let a = 3 - -1. Suppose 4 - 12 = -4*n + z, a = 2*n - 5*z. Suppose 2 = -5*h + 3*h, -5*y + 58 = n*h. What are the prime factors of y?
2, 3
Let j(y) be the second derivative of -y**5/20 + 7*y**4/12 - y**3/2 + 3*y**2 + y. List the prime factors of j(6).
2, 3
Let j(b) = -4*b + 1. Let m be j(-1). Let u be 50/(-3)*3*-1. Suppose -28 = -m*n + 4*o + 27, -u = -5*n + 3*o. List the prime factors of n.
7
Suppose -13 = 4*f - 33. Suppose 4*v + 2 = 5*m, -f*m + 10 + 4 = 2*v. What are the prime factors of m?
2
Let t = -66 + 159. List the prime factors of t.
3, 31
Suppose 5*h = 4*t - 14, -h - 26 + 4 = -4*t. Let o = 3 + t. Suppose 3*z = 2*z + o. What are the prime factors of z?
3
Let c = 5 + 0. Suppose -4*l = 3*y + 56 - 15, -c*l = -5*y + 95. Let h = l - -21. List the prime factors of h.
7
Let z(s) = s**2 + 6*s + 4. Let i be z(-4). Suppose 4*w - 64 = 16. Let o = w + i. What are the prime factors of o?
2
Suppose -4*c - 5*m - 9 = -2*m, 0 = -5*c + 3*m + 9. Let v be 123/((-3)/(-2) - c). List the prime factors of (-6)/24 + v/8.
2, 5
Suppose 2*x = -0 + 2. Suppose 0 = -w + x + 8. What are the prime factors of w?
3
Let a(p) = 2*p**3 - 5*p**2 - 3*p + 6. Let w be a(4). Let t = w + -5. Suppose s - 25 = -4*g, g + 3*s + t = 5*g. List the prime factors of g.
7
What are the prime factors of 30*(32/10 - 2)?
2, 3
Let k be -1*(-2 - -1)*1. Let u(q) = 18*q. Let p be u(k). Let r = p + -11. List the prime factors of r.
7
Let j = 7 - 3. Suppose j*c + 5*p = 35, -3*c + 15 = -2*c - 5*p. List the prime factors of c.
2, 5
Let f(m) = m + 4 + 1 - 4 + m. Let z be f(2). Suppose z*c = 22 + 28. List the prime factors of c.
2, 5
Let s(u) = -u - 1. Let k(i) = -i**2 + 6*i + 10. Let m(b) = -k(b) + s(b). List the prime factors of m(10).
19
Suppose 0*h - 3*h = 2*s - 92, 0 = -4*h + 2*s + 104. List the prime factors of h.
2, 7
Suppose 20*o - 205 = 15*o. List the prime factors of o.
41
Let p(g) = -2*g. Let f = -2 + 5. Suppose f = -j - 2. What are the prime factors of p(j)?
2, 5
Suppose 3*v - q - 183 = 0, -79 - 89 = -3*v - 4*q. List the prime factors of v.
2, 3, 5
Let c be 5*1/1 + -1. Suppose 16 + 16 = -c*g. List the prime factors of ((-11)/4)/(2/g).
11
Let p(q) = -q + 13. Let n(y) = y**2 + 2*y - 6. Let i be n(-5). Let h be p(i). Suppose 2 = -h*z + 18. What are the prime factors of z?
2
What are the prime factors of ((-165)/(-25))/(2/10)?
3, 11
Let x(j) = 37*j + 1. Let p be x(1). Let w = -22 + p. List the prime factors of w.
2
Let z be 8*(-2 + 1 - -2). Suppose -4*b - 60 = -4*k, -k + 2*b + 24 = z. What are the prime factors of k?
2, 7
Let w(o) = o**3 - 4*o**2 + 3*o - 1. Let i be w(2). List the prime factors of (-2 + 2/2)*i.
3
Let x(o) = o**3 - 6*o**2 + 3*o + 12. What are the prime factors of x(6)?
2, 3, 5
Let x = -12 - -18. Suppose 1 - 4 = -3*i - 2*a, 3*i = -a + x. List the prime factors of i.
3
Suppose 0 = -2*n + 101 - 35. What are the prime factors of n?
3, 11
Let s(r) = -2*r**3 + 2*r**2 + 2*r. Let b be s(2). Suppose -5*v - 4*d = -30, -21 = -5*v + 5*d + 9. Let n = b + v. What are the prime factors of n?
2
What are the prime factors of 1 - -51 - 8/8?
3, 17
Let w(f) = 6*f**2 + 2*f. What are the prime factors of w(1)?
2
Let l(w) = -w**2 - 4*w. Let d be l(-3). Let o be 3 - (-2)/((-6)/d). Suppose -3*b - o*h = -10, -3*b + h - 8 = -5*b. What are the prime factors of b?
2, 3
Let k = -28 + 69. List the prime factors of k.
41
Let f(x) = 9*x**2 + 2*x + 1. Suppose -3*j - 2*j + 10 = 0. Let b = j - 3. List the prime factors of f(b).
2
Let p(m) = 8*m - 13. List the prime factors of p(6).
5, 7
Suppose 2*g - 176 = -4*a, -a + 0*a + 44 = 5*g. Let s = a + -30. Let v = 2 + s. What are the prime factors of v?
2
Let i = 6 - -10. What are the prime factors of (-1 - 85)/(i/(-8))?
43
What are the prime factors of (-7 - -6)*(-29 + 0 + 0)?
29
Let p(g) = 3*g**2 - 13*g + 1. List the prime factors of p(-6).
11, 17
What are the prime factors of 29*2/(5 - 4)?
2, 29
Let g(o) = -o**2 - 9*o - 3. Let b = 0 - 6. List the prime factors of g(b).
3, 5
Suppose -14 + 10 = -2*s. What are the prime factors of s/(-10) - (-273)/15?
2, 3
Let h(w) = -w**3 + 14*w**2 + 11*w + 29. What are the prime factors of h(14)?
3, 61
Let j be 2/(-4)*(-38 + 2). What are the prime factors of (j/8)/(6/16)?
2, 3
Let i(j) = 2*j + 2. Let c = -15 - -36. Let h be 2/(-6) + c/9. What are the prime factors of i(h)?
2, 3
Let s = 184 + 164. List the prime factors of s.
2, 3, 29
Suppose 4*h - 78 = h. What are the prime factors of h?
2, 13
Let w be 28/(-6)*72/(-28). What are the prime factors of w/(-8)*(2 - 36)?
3, 17
Let g(q) = q**2 - 6*q + 2. Let x be g(6). Let s be (-3)/(-4) + x/8. Let z(j) = 10*j**2 - j + 1. What are the prime factors of z(s)?
2, 5
Let d = 3 - 6. Suppose -12 = -n - 4. Let w = n + d. What are the prime factors of w?
5
Let a(i) = i**3 + 2*i**2 + i + 2. Let v be a(-2). Suppose h = -0*h - 2*c + 40, v = -5*h - 5*c + 180. List the prime factors of ((-1)/2)/((-4)/h).
2
List the prime factors of (-2)/((-4)/226 + 0).
113
Let g be 32/(-3)*(-39)/(-26). Let f = -14 - g. What are the prime factors of f?
2
Suppose -2*n - 204 = 2*n. Let k = n - -73. What are the prime factors of k?
2, 11
Let y = 10 + -18. What are the prime factors of (-6)/y - (-21)/4?
2, 3
Suppose 68 + 16 = 3*i - 3*w, -5 = w. What are the prime factors of i?
23
Let i be (-1)/4 - (-171)/12. Suppose -v + 6*x = 2*x + 10, -3*x = -3*v - 21. What are the prime factors of (i/v)/((-2)/6)?
7
Suppose 3*q + 0*b - 15 = 2*b, -3*b = -q + 5. Let u be 6/(-9)*(-50 - 1). Suppose -q*n + u + 16 = 0. List the prime factors of n.
2, 5
Let x = -15 - -17. What are the prime factors of x?
2
Let j(k) = -k**3 - 5*k**2 - k - 1. Let y be j(-5). Let o = 29 - y. What are the prime factors of o?
5
Suppose -7*r + 6*r + 23 = 0. List the prime factors of r.
23
List the prime factors of (4 + -2 - 4)*59/(-2).
59
What are the prime factors of 395/3 + 6/9*-1?
131
Suppose 25*l - 188 = 21*l. What are the prime factors of l?
47
Let d be 10*(12/10)/3. Suppose -d = k - 16. List the prime factors of k.
2, 3
Let u(d) = -d**3 - d**2 - 2*d + 27. List the prime factors of u(0).
3
What are the prime factors of (-56)/14 + 1*(-2 + 175)?
13
